f y?
2
Let z(k) be the third derivative of k**5/60 - k**4/8 + k**3/6 + k**2. Suppose 0 = -3*v + 1 + 11. What is the units digit of z(v)?
5
Suppose 0 = 102*i - 100*i - 436. What is the tens digit of i?
1
Let h(r) = -r**2 - 5*r - 2. Suppose 5 = -4*x - 7. Let q be h(x). Suppose -o + q = -0*o. What is the units digit of o?
4
Suppose 0 = -z - 7. What is the units digit of 36/42*(0 - z)?
6
Let t(y) = y**2 - 4*y. Let m(n) = 5*n**3 - 2*n**2 + 2*n - 1. Let s be m(1). Let a be t(s). Let l = a + 6. What is the units digit of l?
6
Let w(l) = l**2 - 5*l + 4. Let k be w(5). Suppose k*p - 100 = -0*p. What is the tens digit of p?
2
Suppose 3*w - 6*w - 90 = 0. What is the units digit of (-1)/(-5) + (-204)/w?
7
Let k(t) = -t + 1. Let u = 1 - -7. Let r be k(u). Let m(w) = w**3 + 6*w**2 - 10*w - 4. What is the units digit of m(r)?
7
Suppose 2*b + 21 = 3*g - 2*b, -2*g + 3*b = -15. Suppose g*j - 36 = j. What is the units digit of j?
8
Suppose 2*c + 3*r + 8 = 0, -2*r - 8 - 1 = 5*c. Let h be 3/c + 2 - -11. What is the units digit of ((-5)/h)/(1/(-4))?
2
Suppose 4*h = h - 2*d + 41, -4*d = h - 17. What is the units digit of h?
3
Let s(m) = -7*m + 9. Let x(d) = -3*d + 4. Let t(v) = -4*s(v) + 9*x(v). Suppose 10 = 3*l + 2*l. What is the units digit of t(l)?
2
Let n(x) = 5*x. Let o be n(-1). Let t be (-4)/(-6) - o/(-3). What is the units digit of (-3 - (t - 6))/1?
4
Let p be 10/(-45) - (-76)/18. Suppose 0 = -p*d + 18 + 38. What is the tens digit of d?
1
Suppose 731 = 5*k + 221. What is the tens digit of k?
0
Let b(n) be the second derivative of n**5/60 - n**4/6 - 7*n**3/6 + n**2/2 - 2*n. Let k(g) be the first derivative of b(g). What is the units digit of k(6)?
5
Let o(p) = p**3 - 5*p**2 - 5*p + 3. Let x be o(6). What is the units digit of 45*(x/(-15))/(-1)?
7
What is the tens digit of 3 - 0 - (-776)/8?
0
Suppose 3 = n - 74. What is the tens digit of n?
7
Suppose -2464 = -w - 10*w. What is the units digit of w?
4
Suppose 0 = -p - 3*i + 11 + 6, 0 = 2*p + 5*i - 30. What is the units digit of p?
5
Let f(y) = -y**2 + 5*y + 4. Let r be f(7). Let s(q) = -q + 4. What is the tens digit of s(r)?
1
Suppose -2*t + 805 = -53. What is the tens digit of t?
2
Let g be ((-9)/(-6))/((-1)/(-2)). Suppose i + 4 = -g*i. What is the units digit of (-1 + 0 + -8)/i?
9
Let b = 2 + 2. What is the units digit of 5*(-2)/b*-2?
5
Let c(d) = d**2 + 20*d + 34. What is the hundreds digit of c(-27)?
2
Suppose 2*v + 2*u - 236 = 0, -4*u - 189 = -3*v + 179. What is the tens digit of v?
2
Let h(c) = -c**3 + 5*c**2 + c - 5. Let g be h(4). Suppose -m + g = 2*m. What is the units digit of m?
5
Suppose 5*l + 25 = 0, x = 3*l + l + 54. What is the units digit of x?
4
Suppose -2*p + 0 = 8. Let a(l) = l**3 - 5*l**2 + 6*l - 2. Let z be a(4). Let o = p + z. What is the units digit of o?
2
Suppose 5*t - 4*t = 67. Suppose 5*g = z - 29, -z + 5*g = -5*z + 16. Suppose -t - z = -4*o. What is the units digit of o?
9
Let l(p) = -9*p**2 - 5*p - 9. Let j(d) = 4*d**2 + 2*d + 4. Let c(f) = -13*j(f) - 6*l(f). Suppose 4*t - 2*t = -4. What is the units digit of c(t)?
2
Let c(x) = 7*x. Let l = 14 - 9. What is the units digit of c(l)?
5
Suppose 37 = -0*z + z - 3*c, -3*z = 4*c - 137. What is the tens digit of z?
4
Suppose -5*s + 2 + 43 = 0. What is the units digit of s?
9
Let c(d) = d**3 + 2*d**2 + 2*d + 1. Let r be c(-1). Suppose r = 5*v - 10, 3*a + 2*v = 16. Suppose 21 = a*w - w. What is the units digit of w?
7
Let c = 47 - 27. Suppose 3*p + 21 = 4*k + k, -2*k = -3*p - 12. Suppose v - 6 = 4*f - 3*f, -k*v + f = -c. What is the units digit of v?
7
Let q = 72 + 66. What is the units digit of q?
8
Let z be (39/(-3))/((-3)/12). What is the units digit of z/10 + 3/(-15)?
5
Let g = 11 + 82. What is the units digit of g?
3
Let q(a) = a**3 + 13*a**2 + 3*a - 29. What is the units digit of q(-12)?
9
Let j be 4/6 + (-60)/(-45). Suppose 0 = -5*q + 6*q - j. What is the units digit of q?
2
Suppose -w - 35 = -2*w. Suppose 48 = 2*k - 5*q, -5*k + 148 - 28 = 2*q. Let j = w - k. What is the tens digit of j?
1
Let j(f) = f**2 + 7*f + 10. What is the tens digit of j(-8)?
1
Let o be 4/3 - 6/(-9). Let p = o + 0. Suppose r - p = -0. What is the units digit of r?
2
Let w(u) = u**2 - 4*u + 2. Let j be w(4). Suppose -j*k = -0*k - 40. Let b = -12 + k. What is the units digit of b?
8
Suppose -4*u - 32 = -4. Let t = u - -12. Suppose -t*y + 5*x + 95 = 0, 10 = -0*x - 2*x. What is the units digit of y?
4
Suppose -17 = -5*n - 2. Suppose 4*s + 11 = -z, -5*z + s + 65 = -n*s. Suppose x = 3*k - 3, 0*x - z = -3*x. What is the units digit of k?
2
Let v = 5 - 3. Suppose -2*m = v, -z - 2*m + 4 = 2*z. Let p = z + 4. What is the units digit of p?
6
Let b = -78 + 120. What is the tens digit of b?
4
Let a be (-54)/(-5) - (-5)/25. Let w = a - -9. What is the units digit of w?
0
Let o(v) = 24*v - 1. Let a be o(1). Let s = 13 - a. Let q = 21 + s. What is the units digit of q?
1
Let v(q) = -q**3 - 5*q**2 + 2*q + 3. Let j be v(-5). Suppose 3*b + 39 = -2*k, 0 = 6*b - b - 2*k + 49. Let f = j - b. What is the units digit of f?
4
Let s = -252 + 354. What is the units digit of s?
2
Let h = 357 - 187. What is the units digit of h?
0
Let x be 10/2 - 2 - -1. Suppose -2*m - 8 = -x*m. What is the units digit of m?
4
Suppose 0 + 6 = v. Let n(g) = -v + 3*g + 1 + 3. What is the tens digit of n(4)?
1
Let n(v) = 1 - 1 - 3*v - 1 - 10*v. Let t be n(2). Let s = t - -41. What is the units digit of s?
4
Let f = -46 + 27. Let y = f + 29. What is the units digit of y?
0
Let o = 4 + 12. What is the tens digit of (2 + -4)/((-2)/o)?
1
Let q = 54 + -35. What is the units digit of q?
9
Let p be 2/(-7) + 16/7. Suppose -5*i - 4*d = 20, 4*i - 10 = -2*d + 4*d. Suppose -p*a + 9 = o - 2*o, i = 5*o + 15. What is the units digit of a?
3
Suppose 0 = -2*c - 2*u + 10, -2*u + 1 = -3*u. Suppose -55 = t - c*t. What is the tens digit of t?
1
Suppose 3*v - 4*v = -4. Let n(d) = 0*d + 4*d**3 + 2*d - 6*d**3 + v - 5. What is the units digit of n(-2)?
1
Let b = -254 + 451. What is the units digit of b?
7
Suppose 3*a + 5*l = 12, 0 = -5*a + 3*l - 12 - 2. Let i = a + 18. Let x = 26 - i. What is the units digit of x?
9
Let k = 34 - -61. What is the units digit of k?
5
Let a be 3 + (-2 - (-6 + 2)). Suppose a*w = -2 + 57. What is the tens digit of w?
1
Suppose -6*a + 72 = -2*a. Let v(u) = -u**3 - 4*u**2 + 4*u + 5. Let c be v(-4). Let r = c + a. What is the units digit of r?
7
Let g(k) be the second derivative of -k**5/20 + 2*k**4/3 + 4*k**3/3 + 3*k**2/2 + k. Let h be g(9). Let o(w) = -w**2 - 7*w - 4. What is the units digit of o(h)?
2
Suppose z = -o - 4*z + 31, -o + 2*z - 4 = 0. Suppose q - o = 2. Suppose 4*r + a - 11 = -r, 3*r = -2*a + q. What is the units digit of r?
2
Suppose -326 = -3*y + 2*a, -y + a + 216 = y. What is the hundreds digit of y?
1
Let m = -5 + 7. Suppose 3*x - 31 = -m*x - 4*s, 4 = -4*s. What is the units digit of x?
7
Let m be 4/(-16) - 81/(-4). Suppose 0 = -0*h + 4*h + m. What is the units digit of (-2)/h + 16/10?
2
Let i = -49 + 81. What is the units digit of i?
2
Suppose -6*n = -4*n - 12. What is the units digit of n?
6
Let w be 15*(3 - (-16)/(-6)). Let d = w + 1. What is the units digit of 14 + 1/((-3)/d)?
2
Let o(d) = -d**3 - 8*d**2 + d + 8. Let r be o(-8). Suppose r = -5*i - 1 + 11. Suppose 0 = 2*j + i*k - 2, k = -j - 2*k + 1. What is the units digit of j?
1
Suppose 4*i + 4*d + 97 = 21, 4*i + 5*d = -73. Let l be (2 + -1 - i) + -2. Suppose 3*u = 3*s - l - 0, -s - 18 = 4*u. What is the units digit of s?
2
Suppose -2*b + 76 = 4*y, 2*b - 4*y + 2*y = 82. Suppose b + 23 = 3*h. What is the units digit of h?
1
Suppose 0 = -b + o + 6, 4*o - 8 = 3*b - 28. Let v be -14*(20/(-35))/2. Suppose -2*d + 0*f + b*f = -26, -2*f - v = 0. What is the units digit of d?
9
Let b = 56 + -31. What is the tens digit of b?
2
Suppose 5*f - 12 = -2*p, -5*p - 2*f - 3*f = 0. Let w = 7 + -6. What is the units digit of (p/(-10))/w*5?
2
Let r(j) = j**3 + 4*j**2 - 4*j + 1. Let z be r(-3). Suppose -v - v + z = 0. What is the tens digit of v?
1
Let w be (-1)/3 + (-46)/6. Let t = 11 + w. Suppose 28 = 2*p + t*p + 3*n, 0 = -2*n - 8. What is the units digit of p?
8
Let u = 11 - 19. Let b = -30 + 50. What is the units digit of u/b*(-6 - -1)?
2
Let h(v) = v**3 + 2*v**2 + 2*v. Let b be 1/2 + (-5)/2. Let a be h(b). Let d = -3 - a. What is the units digit o